10314638 (base 9) to base 11.
2895136
-544401 (base 8) to base 11
-115156
91aa0 (base 11) to base 2
100000110100010100
-41a15 (base 11) to base 10
-61121
What is -328937 (base 12) in base 14?
-16c987
Convert 10939 (base 11) to base 6.
201004
Convert -311203311 (base 5) to base 14.
-25196b
200002001102 (base 3) to base 15
70645
Convert 183aa (base 11) to base 10.
25772
What is -41410302 (base 6) in base 13?
-32c91b
Convert -1101011001000111 (base 2) to base 14.
-15dc3
Convert 12253006 (base 7) to base 4.
10031321113
Convert -4210105 (base 6) to base 8.
-615371
Convert -228675 (base 9) to base 4.
-201212012
Convert -1598b4 (base 16) to base 12.
-583098
Convert -74d1a (base 14) to base 4.
-1010331130
573433 (base 8) to base 7
1436364
312334213 (base 5) to base 10
1293058
Convert -23303102 (base 5) to base 4.
-303332212
-114630 (base 7) to base 10
-20895
What is -11000000101101101111110 (base 2) in base 15?
-84b11d
Convert 33611 (base 11) to base 14.
13a34
2257 (base 10) to base 4
203101
Convert -201021210012002 (base 3) to base 5.
-10111004411
Convert -3267 (base 8) to base 14.
-8ab
Convert -40821a (base 11) to base 15.
-ce195
What is -38c9c (base 16) in base 12?
-b2738
Convert -ba954 (base 12) to base 6.
-5142144
Convert 2411102223 (base 5) to base 4.
111032313302
-126255023 (base 7) to base 11
-4677648
Convert -21333110 (base 4) to base 13.
-15815
Convert -1046160 (base 7) to base 5.
-13120102
-1425743 (base 9) to base 6
-24454150
What is -1022e (base 16) in base 3?
-10100122221
What is 10202001121 (base 3) in base 16?
11fc8
3413a7 (base 13) to base 7
13314550
Convert -21112221 (base 4) to base 15.
-b543
Convert 16436152 (base 7) to base 11.
9a7691
-1bc00 (base 13) to base 16
-d5e4
-20313213331 (base 4) to base 8
-10674775
-111101101000011 (base 2) to base 4
-13231003
Convert -45938 (base 12) to base 16.
-16afc
What is -854464 (base 10) in base 7?
-10156102
What is -1242343130 (base 5) in base 14?
-5a635d
Convert c04432 (base 14) to base 8.
30524234
What is -8ad836 (base 14) in base 5?
-2202132130
What is 32330211 (base 6) in base 11?
5a6635
-367a1a (base 14) to base 13
-503c5b
What is 4374517 (base 9) in base 7?
25664440
What is 458089 (base 13) in base 4?
12101301202
-535be (base 16) to base 13
-bc546
210111222 (base 4) to base 11
a1911
What is 1002000103 (base 5) in base 14?
399271
6f3 (base 16) to base 12
1043
What is 48a031 (base 12) in base 14?
2296cd
Convert -20201221222102 (base 3) to base 5.
-1404102221
Convert -152012 (base 10) to base 15.
-30092
34262 (base 9) to base 10
22817
What is -61de1 (base 16) in base 3?
-202100212212
What is 184a111 (base 13) in base 6?
442013222
-80b76 (base 16) to base 9
-883182
What is -52531477 (base 8) in base 5?
-10330441012
What is -10011101000110 (base 2) in base 14?
-3942
What is -11100011100000100001011 (base 2) in base 8?
-34340413
-11320243 (base 7) to base 5
-223342134
What is a7152a (base 15) in base 5?
4013441130
What is 1234422230 (base 5) in base 16?
2e77c3
-133452 (base 9) to base 2
-10011110110001010
Convert -69229 (base 10) to base 2.
-10000111001101101
Convert -1410205 (base 6) to base 5.
-10013013
What is 104436 (base 9) in base 5?
3443242
21511105 (base 6) to base 3
1012212110112
Convert -504341 (base 6) to base 16.
-9bc5
What is -335784 (base 10) in base 4?
-1101332220
What is 138173 (base 10) in base 6?
2543405
What is -762654 (base 11) in base 5?
-302444100
Convert -4041472 (base 8) to base 4.
-10010030322
Convert -3291496 (base 10) to base 9.
-6166067
Convert 544534 (base 6) to base 11.
309a8
Convert -e5bd4 (base 16) to base 4.
-3211233110
What is -100100101110011001 (base 2) in base 5?
-14303200
What is 110435203 (base 6) in base 14?
39d41d
-11010101101001100 (base 2) to base 5
-12000023
Convert 10010001010001101 (base 2) to base 9.
123025
-224741 (base 8) to base 4
-102213201
What is 10022111313 (base 4) in base 2?
100001010010101110111
Convert 20014242 (base 5) to base 6.
3212531
What is -1453562 (base 9) in base 16?
-c4112
Convert 11012122022201 (base 3) to base 13.
604171
Convert 324413302 (base 5) to base 15.
1cb0d7
Convert -1c8426 (base 14) to base 2.
-11111001011010010010
Convert 1b1ad2 (base 15) to base 8.
5026130
104564 (base 11) to base 4
220302022
What is 198dd (base 16) in base 2?
11001100011011101
Convert 110000010101000111 (base 2) to base 13.
6c148
What is -1208614 (base 9) in base 12?
-27767a
What is 753387 (base 9) in base 3?
211210102221
-13263231 (base 7) to base 9
-2267253
What is 6658026 (base 9) in base 8?
15523241
-6156445 (base 8) to base 12
-666b99
Convert 199fca (base 16) to base 12.
68b9a2
Convert -193977 (base 11) to base 5.
-34013421
Convert -12012221222 (base 3) to base 14.
-29641
176b0 (base 16) to base 12
47614
-3455221 (base 7) to base 4
-1221331120
-21010000122010 (base 3) to base 14
-705594
What is -1000100121220 (base 3) in base 14?
-100334
Convert -1532104 (base 6) to base 13.
-31bc1
-2082b47 (base 13) to base 7
-150023131
Convert -430ae0 (base 15) to base 13.
-879a7a
What is 205826 (base 13) in base 5?
143124310
-303332 (base 5) to base 15
-2db2
162770 (base 9) to base 15
1eba3
What is 10100002001220 (base 3) in base 7?
21033015
Convert 164341 (base 9) to base 15.
20191
-69133 (base 10) to base 16
-10e0d
Convert 220221220120 (base 3) to base 13.
1427ca
What is -1001101001110011 (base 2) in base 4?
-21221303
Convert -879ac (base 13) to base 12.
-ba10a
What is 4cbdb (base 15) in base 16?
3bfb1
Convert 2551403 (base 6) to base 2.
100001111100011011
What is 433867 (base 9) in base 4?
333023113
Convert -40111160 (base 7) to base 5.
-1322020224
-1974338 (base 10) to base 12
-7b2682
Convert 111000001101011011101 (base 2) to base 11.
1048921
Convert 7587593 (base 10) to base 16.
73c709
Convert -1011011011000011 (base 2) to base 4.
-23123003
What is -1001000000001101101010 (base 2) in base 6?
-122330414
Convert -12442202 (base 5) to base 10.
-124677
Convert -4831f2 (base 16) to base 5.
-2202401003
What is -41541535 (base 6) in base 13?
-3351cb
-260171 (base 11) to base 6
-12442455
-aa71 (base 11) to base 13
-684c
What is 1948593 (base 12) in base 10?
5323071
What is -10210021020102 (base 3) in base 4?
-13223130032
What is -25455241 (base 6) in base 3?
-1120021011121
What is 566500 (base 13) in base 10?
2041858
What is 110300012211 (base 4) in base 13?
11860a7
-200124450 (base 7) to base 13
-25165b0
What is -4044113040 (base 5) in base 14?
-1133417
14b17b (base 12) to base 3
122211111212
What is 252200 (base 10) in base 7?
2100164
What is -fb (base 16) in base 9?
-308
What is -253411252 (base 7) in base 8?
-75233343
401211443 (base 6) to base 4
121313312103
Convert 1511577 (base 9) to base 3.
1120101122121
122001102011 (base 3) to base 7
2565355
1100111110010111010110 (base 2) to base 4
30332113112
-1691e14 (base 15) to base 12
-55b3b84
What is 22835 (base 14) in base 11?
58075
What is -3041115 (base 9) in base 6?
-54430235
Convert -34680 (base 13) to base 5.
-11024324
-111550 (base 6) to base 13
-4428
What is -b3907 (base 14) in base 9?
-728343
What is -22000103002 (base 4) in base 9?
-4836544
What is 6222712 (base 8) in base 7?
20002611
Convert -246651 (base 8) to base 3.
-11100011121
Convert -1563132 (base 8) to base 13.
-12aa87
1596343 (base 10) to base 13
43b7a8
Convert 1000002210011 (base 3) to base 4.
2002033132
10010100000001101100 (base 2) to base 6
20555004
What is -72425 (base 10) in base 4?
-101223221
Convert 10126b (base 12) to base 7.
2063402
12023013223 (base 4) to base 3
10001020001011
What is cea62c (base 15) in base 6?
551131240
Convert 746a6e (base 16) to base 15.
a0a882
What is -2732644 (base 8) in base 14?
-15d940
What is 161047 (base 15) in base 13?
2b4608
-1715751 (base 9) to base 6
-32252031
What is -2693617 (base 10) in base 7?
-31616053
Convert -23041434 (base 6) to base 5.
-140033111
What is -80d181 (base 14) in base 8?
-20431615
Convert 244b2ba (base 13) to base 3.
210012222002022
4586477 (base 10) to base 12
1652265
-1321a6 (base 16) to base 11
-786aa7
Convert 2042524 (base 6) to base 16.
18334
502224 (base 6) to base 14
10504
What is 218818 (base 13) in base 8?
3007120
What is 113721 (base 9) in base 16?
10b1f
265820 (base 13) to base 4
3202021223
4f6ce7 (base 16) to base 8
23666347
104131001 (base 5) to base 7
3616003